digit of 7611?
1
What is the ten thousands digit of 10490?
1
What is the thousands digit of 24991?
4
What is the thousands digit of 13914?
3
What is the hundreds digit of 1523?
5
What is the hundreds digit of 31581?
5
What is the tens digit of 653?
5
What is the hundreds digit of 48589?
5
What is the tens digit of 1804?
0
What is the thousands digit of 2782?
2
What is the thousands digit of 118978?
8
What is the tens digit of 22216?
1
What is the hundreds digit of 4669?
6
What is the units digit of 2918?
8
What is the hundreds digit of 133869?
8
What is the hundreds digit of 185028?
0
What is the thousands digit of 37831?
7
What is the units digit of 823?
3
What is the hundreds digit of 20421?
4
What is the tens digit of 46534?
3
What is the tens digit of 553?
5
What is the units digit of 944?
4
What is the tens digit of 2629?
2
What is the tens digit of 859?
5
What is the hundreds digit of 1116?
1
What is the units digit of 6780?
0
What is the tens digit of 7059?
5
What is the tens digit of 1710?
1
What is the ten thousands digit of 16602?
1
What is the hundreds digit of 11029?
0
What is the units digit of 297?
7
What is the thousands digit of 12588?
2
What is the hundreds digit of 4896?
8
What is the units digit of 25005?
5
What is the hundreds digit of 12402?
4
What is the tens digit of 1123?
2
What is the hundreds digit of 453?
4
What is the hundreds digit of 6044?
0
What is the thousands digit of 1419?
1
What is the tens digit of 3765?
6
What is the tens digit of 8767?
6
What is the hundreds digit of 3071?
0
What is the thousands digit of 6334?
6
What is the hundreds digit of 11396?
3
What is the hundreds digit of 143?
1
What is the units digit of 73465?
5
What is the thousands digit of 1104?
1
What is the thousands digit of 3715?
3
What is the units digit of 103617?
7
What is the thousands digit of 8846?
8
What is the units digit of 18966?
6
What is the tens digit of 975?
7
What is the tens digit of 4474?
7
What is the ten thousands digit of 19129?
1
What is the units digit of 510?
0
What is the hundreds digit of 4759?
7
What is the hundreds digit of 1880?
8
What is the tens digit of 9901?
0
What is the tens digit of 176?
7
What is the hundreds digit of 25471?
4
What is the tens digit of 3020?
2
What is the thousands digit of 11797?
1
What is the thousands digit of 71735?
1
What is the ten thousands digit of 21279?
2
What is the tens digit of 2450?
5
What is the thousands digit of 95599?
5
What is the thousands digit of 1903?
1
What is the thousands digit of 1078?
1
What is the ten thousands digit of 46093?
4
What is the hundreds digit of 25457?
4
What is the hundreds digit of 28310?
3
What is the units digit of 471?
1
What is the hundreds digit of 5197?
1
What is the hundreds digit of 1069?
0
What is the tens digit of 556?
5
What is the units digit of 861?
1
What is the ten thousands digit of 25521?
2
What is the thousands digit of 15395?
5
What is the hundreds digit of 1483?
4
What is the units digit of 1050?
0
What is the hundreds digit of 8115?
1
What is the units digit of 98376?
6
What is the hundreds digit of 4970?
9
What is the hundreds digit of 325?
3
What is the hundreds digit of 21832?
8
What is the units digit of 7078?
8
What is the thousands digit of 91766?
1
What is the units digit of 599?
9
What is the hundreds digit of 6102?
1
What is the hundreds digit of 7483?
4
What is the thousands digit of 57989?
7
What is the units digit of 10081?
1
What is the hundreds digit of 472?
4
What is the ten thousands digit of 17608?
1
What is the thousands digit of 1799?
1
What is the units digit of 9661?
1
What is the units digit of 1276?
6
What is the tens digit of 8345?
4
What is the ten thousands digit of 26796?
2
What is the thousands digit of 1202?
1
What is the thousands digit of 4246?
4
What is the hundreds digit of 858?
8
What is the tens digit of 88186?
8
What is the thousands digit of 50375?
0
What is the units digit of 2000?
0
What is the units digit of 686?
6
What is the ten thousands digit of 26947?
2
What is the thousands digit of 3940?
3
What is the thousands digit of 67575?
7
What is the units digit of 2162?
2
What is the tens digit of 991?
9
What is the hundreds digit of 1598?
5
What is the units digit of 714?
4
What is the hundreds digit of 987?
9
What is the units digit of 4780?
0
What is the units digit of 1993?
3
What is the units digit of 7460?
0
What is the units digit of 421?
1
What is the tens digit of 608?
0
What is the tens digit of 14030?
3
What is the units digit of 1951?
1
What is the hundreds digit of 7262?
2
What is the hundreds digit of 6234?
2
What is the thousands digit of 1745?
1
What is the tens digit of 9089?
8
What is the hundreds digit of 7740?
7
What is the hundreds digit of 2313?
3
What is the thousands digit of 14579?
4
What is the thousands digit of 1104?
1
What is the tens digit of 1701?
0
What is the tens digit of 36521?
2
What is the tens digit of 2799?
9
What is the tens digit of 35385?
8
What is the tens digit of 76?
7
What is the tens digit of 106404?
0
What is the ten thousands digit of 77277?
7
What is the hundreds digit of 829?
8
What is the tens digit of 1245?
4
What is the hundreds digit of 15608?
6
What is the units digit of 31431?
1
What is the hundreds digit of 5322?
3
What is the units digit of 31647?
7
What is the ten thousands digit of 208916?
0
What is the ten thousands digit of 82119?
8
What is the tens digit of 443?
4
What is the thousands digit of 15687?
5
What is the thousands digit of 14179?
4
What is the thousands digit of 6026?
6
What is the units digit of 757?
7
What is the hundreds digit of 289?
2
What is the hundreds digit of 3292?
2
What is the units digit of 744?
4
What is the tens digit of 366?
6
What is the hundreds digit of 7002?
0
What is the ten thousands digit of 14821?
1
What is the units digit of 176?
6
What is the ten thousands digit of 14601?
1
What is the thousands digit of 156870?
6
What is the thousands digit of 15512?
5
What is the units digit of 418?
8
What is the hundreds digit of 1702?
7
What is the tens digit of 3547?
4
What is the units digit of 885?
5
What is the units digit of 2734?
4
What is the tens digit of 18590?
9
What is the tens digit of 22335?
3
What is the ten thousands digit of 14146?
1
What is the tens digit of 106716?
1
What is the tens digit of 1456?
5
What is the units digit of 460?
0
What is the tens digit of 13180?
8
What is the tens digit of 2651?
5
What is the hundreds digit of 5428?
4
What is the thousands digit of 21604?
1
What is the thousands digit of 139286?
9
What is the thousands digit of 1445?
1
What is the units digit of 3036?
6
What is the tens digit of 498?
9
What is the ten thousands digit of 38572?
3
What is the tens digit of 9163?
6
What is the thousands digit of 2130?
2
What is the units digit of 22795?
5
What is the thousands digit of 13282?
3
What is the hundreds digit of 3090?
0
What is the tens digit of 1755?
5
What is the units digit of 55058?
8
What is the tens digit of 13238?
3
What is the thousands digit of 129644?
9
What is the hundreds digit of 715?
7
What is the tens digit of 1126?
2
What is the units digit of 7492?
2
What is the units digit of 3?
3
What is the thousands digit of 58929?
8
What is the tens digit of 30?
3
What is the tens digit of 3112?
1
What is the thousands digit of 1064?
1
What is the hundreds digit of 3424?
4
What is the ten thousands digit of 16019?
1
What is the units digit of 759?
9
What is the tens digit of 1413?
1
What is the units digit of 20823?
3
What is the units digit of 3011?
1
What is the hundreds digit of 25460?
4
What is the tens digit of 659?
5
What is the hundreds digit of 12313?
3
What is the thousands digit of 1186?
1
What is the tens digit of 1640?
4
What is the hundreds digit of 887?
8
What is the hundreds digit of 1871?
8
What is the hundreds digit of 1273?
2
What is the units digit of 76?
6
What is the tens digit of 149?
4
What is the thousands digit of 15992?
5
What is the hundreds digit of 8210?
2
What is the tens digit of 383?
8
What is the hundreds digit of 2386?
3
What is the thousands digit of 10505?
0
What is the tens digit of 834?
3
What is the thousands digit of 2478?
2
What is the thousands digit of 15451?
5
What is the tens digit of 8227?
2
What